. Let o be k(-11). Let d(f) = -2*f**3 - 3*f**2 + 4*f + 4. Determine d(o).
68
Let x(v) = 2*v**2 - 8*v + 6. Suppose -2*y + 0 = f + 4, 5*f - 4*y - 36 = 0. Suppose 5*b - 4*n - 4 = 13, -f*b + 14 = -3*n. What is x(b)?
16
Suppose 2339 + 3439 = -16*w + 337*w. Let i(o) = 5*o - 2. Calculate i(w).
88
Let n(d) = -116*d - 8. Let l(u) = 96*u + 8. Let t(i) = -12*l(i) - 10*n(i). Give t(9).
56
Suppose -7*u + 14 = -0. Let j(i) = -12250*i - i**2 - u + 12250*i. Let s = 79 + -82. Give j(s).
-11
Let q(a) be the first derivative of -1/2*a**2 - 6 - 4*a. Determine q(-10).
6
Let l(i) = i**3 + 3*i**2 + i - 3. Suppose -2*g - 10 = 0, -2*g = -4*c + 2*g + 116. Let y be (c/(-14) + (-22)/77)*2. What is l(y)?
-23
Let l(n) = 46*n - 60. Let v(a) = -a + 1. Let q(y) = -2*l(y) - 84*v(y). What is q(5)?
-4
Let q(t) = 6*t**2 - 3*t**2 + t - 4*t**2. Let f = -20362 + 20368. Calculate q(f).
-30
Suppose 10*r - r + 12 = 3*r. Let y(c) = 113*c + 217. Determine y(r).
-9
Let k(h) = 25*h + 22 - 21 - 14*h. Suppose -23*x = -18*x + 3*w + 7, -1 = 3*x + w. What is k(x)?
12
Let m(g) be the second derivative of g**4/12 - g**3/3 - 3*g**2/2 - 9859*g. Suppose 2 - 5 = -d, 2*d = -3*j + 3. Give m(j).
0
Let d be 26*((-52)/8 + 6) + (-1 - 2). Let k(l) = 2*l**2 + 33*l + 28. Give k(d).
12
Let h(l) be the first derivative of l**3/3 - 6*l**2 + 31*l + 2828. What is h(6)?
-5
Let h(z) = -z**2 + 5*z + 10. Let c be h(6). Suppose c*k + 4 = 12. Suppose 5 - k = o + 2*t, -4*o + 4*t = -24. Let s(j) = -j**3 + 5*j**2 - j + 5. Determine s(o).
0
Let w(g) = -g**2 - 18*g - 70. Suppose 6*t - 25*t + 621 - 754 = 0. What is w(t)?
7
Let v(d) = 76*d**2 + 69*d**2 + 51*d**2 - 3 - 195*d**2 + d - d**3. Let w = 33 + -31. Calculate v(w).
-5
Suppose 0 = -7*s + 3*s + 4*l + 20, -5 = 4*s + l. Let g = -139 - -150. Let v(q) = g*q**3 - q - 6 - 3*q**2 + 0*q**3 - 12*q**3 + 2*q**2. Determine v(s).
-6
Let k(o) = 330*o + 43. Let b(l) = -248*l - 32. Let r(n) = 4*b(n) + 3*k(n). Suppose 20 = 4*x - 9*x. Calculate r(x).
9
Let m(c) = 3*c - 52. Let l be m(19). Suppose l*y - 10*y + 10 = 0. Let z(b) = -b**3 + b**2 + 3*b - 2. Calculate z(y).
0
Let i(x) = 16*x**3 - x**2 - x. Let s(p) = -p**3 - 4*p**2 + 5*p + 2. Let n be s(-5). Let b be -1*13/39 + n/(-3). Calculate i(b).
-16
Let j(f) = -4*f - 2. Suppose 2*m - v = -0*m - 2, -4*v = -4*m. Let k be (-272)/56 - m/(-14). Determine j(k).
18
Let w(y) = -8*y**2 - 4*y - 5. Let i(g) = -2*g**2 - 3*g. Let j(u) = 3*i(u) - w(u). What is j(-5)?
80
Let b(g) = g**3 - 6*g**2 + 2*g - 6. Let u = 365 + -327. Let h(v) = -v + 32. Let q be h(0). Let o = u - q. Give b(o).
6
Let f = -3742 + 3743. Let m(n) be the first derivative of f - 6*n + 1/2*n**2. Give m(-6).
-12
Let l(u) be the second derivative of 4*u - 5/6*u**3 + 7 - u**2 + 1/12*u**4. Give l(4).
-6
Suppose -5*v - 108 = 5*k + 1817, -5*k + 1115 = -3*v. Let u = -382 - v. Let g(c) be the third derivative of -c**6/120 + c**4/8 + c**3/6 + c**2. Give g(u).
3
Let f(p) = -13*p + 147. Suppose -54 - 2130 = -168*q. Calculate f(q).
-22
Suppose 0 = -q - 2*m - 3, 132*m = 136*m + 12. Let l(k) = -3*k**3 - 3*k - 3. Let d(a) = -a**3 + a**2 - a. Let n(i) = -4*d(i) + l(i). What is n(q)?
-9
Let r(v) = 7*v**2 - 49*v + 6. Suppose 7 = 9*s - 56. What is r(s)?
6
Let x be (-1 - (-8 + 4))/(-16 + 244/16). Let i(r) = -90*r - 364. Calculate i(x).
-4
Let z = -275 - -278. Let t be (-20 + 22)/(2/z). Let h(n) = -2*n**2 + n + 4. Determine h(t).
-11
Let f(g) = 66*g - 4118. Let a be f(62). Let o(x) = 9*x + 229. Calculate o(a).
-5
Let c = 11364 + -11368. Let f(v) = 2*v**2 - 7*v - 28. Give f(c).
32
Let j(a) = -2*a + 4. Let w be 10*((-1)/2)/(-1) - 1. Suppose y - 24 = w*g, -2*g + 3*y - 17 = -g. Give j(g).
14
Let p be -8 + 0 + 4/2. Let j(y) = 13*y**2 - 60*y + 3. Let f(i) = -36*i**2 + 163*i - 9. Let k(b) = 4*f(b) + 11*j(b). Determine k(p).
9
Let d(r) = 3 - 1 + 3 - 1 - r. Suppose -87*g - 70*g - 601 = 341. Calculate d(g).
10
Let g(r) be the third derivative of r**5/30 - r**4/8 - r**3/3 + 348*r**2. Give g(-6).
88
Let d(v) = -72 + 32 + 33 - 24 + 25 - 5*v. Calculate d(-13).
59
Let y(m) = 3*m**2 + m - 30. Let k(g) = -4*g**2 - 2*g + 19. Let x(z) = -2*k(z) - 3*y(z). What is x(8)?
-4
Let o(t) = 101*t - 302. Let b be o(3). Let i(w) = 21*w - 21. Determine i(b).
0
Let d = 56 + -53. Let w be 2*d/3 + (-2 - 14). Let h = -11 - w. Let p(k) = 2*k**2 - 5*k + 4. Calculate p(h).
7
Let p(c) = -137287*c**3 - 3*c**2 + 68643*c**3 + 2 + 68643*c**3 - c. Calculate p(-4).
22
Let a(p) = p**3 + 5*p**2 - 16*p - 9. Let o(z) = 15*z - 9. Let j be o(6). Let f = j + -88. Let y be a(f). Let q(n) = -n**3 + 6*n**2 - 4*n - 3. Give q(y).
2
Let u(t) = t + 25. Let w(m) = -m - 26. Let i(z) = 3*u(z) + 2*w(z). Let k be (-8)/(-11)*(-77)/(-14). Suppose -5*y = -6*y - k*y. Determine i(y).
23
Let d(s) = s**3 - 6*s**2 + s - 8. Let m(o) = 44*o - 4 - 78*o + 36*o. Let t be m(4). Suppose 2*r + 4*x = 8, -t*r + 0*x = 4*x - 20. What is d(r)?
-2
Let h = 5/348 + 77/696. Let a(x) be the third derivative of 1/20*x**5 + h*x**4 + 0*x + 2*x**2 - 1/120*x**6 + 0 + 0*x**3. What is a(4)?
-4
Suppose -z + 6 = -x, 9*x = -z + 4*x. Let a = 3935 + -3932. Suppose 0 = a*v + z + 16. Let b(y) = -2*y + 7. Give b(v).
21
Let j(w) be the first derivative of w**4/12 - 2*w**3/3 + w**2/2 + 76*w - 39. Let b(c) be the first derivative of j(c). Give b(4).
1
Let q(h) = -40*h**2 - 24*h + 237. Let f(m) = -37*m**2 - 24*m + 219. Let d(l) = 13*f(l) - 12*q(l). Give d(-17).
122
Let n = 16 - 20. Let f(c) be the first derivative of -4 + 1/2*c**2 + 0*c. Give f(n).
-4
Suppose -181*m + 45 = -178*m. Let c(v) = v**2 - 13*v - 30. Give c(m).
0
Let y = -248 - -177. Suppose -5*l + 2*i + 340 = 7*i, i = -4*l + 257. Let w = y + l. Let m(s) = -s**2 - 7*s + 2. Calculate m(w).
-6
Let p(d) = 542*d - 540. Let m be p(1). Let j(o) be the second derivative of 1/2*o**4 - 21*o + 7/2*o**m + 5/6*o**3 + 0 - 1/20*o**5. What is j(7)?
-7
Let x(g) be the third derivative of -g**6/120 - g**5/6 - g**4/12 - 8*g**3/3 + 21*g**2 - g. Give x(-10).
4
Let b(o) be the second derivative of 30*o**3 - 33*o**2/2 - o. Let g(t) = -11*t + 2. Let f(w) = -4*b(w) - 66*g(w). Give f(1).
6
Suppose -1 = 3*o + 2*d + 2, -5*o + d - 5 = 0. Let s be (-2)/(-6) + o/3. Let j(h) = -114*h**3 + 67 - h + 58*h**3 - h**2 + 55*h**3 - 82. Determine j(s).
-15
Let w = 543 - 537. Suppose 5*a - w = 3*a. Let c(z) = -5*z**2 + 3*z + 1. Give c(a).
-35
Let w(z) = z**3 - 8*z**2 + 3*z - 3. Let p(i) = -3*i - 326 + 4*i + 175 + 167. Let l be p(-8). What is w(l)?
21
Let l(j) = -j**3 - 4*j**2 + 4*j - 7. Let o be (205/(-10))/((-1)/2). Let y = o + -47. Let r be ((-3)/y)/1*-10. What is l(r)?
-2
Let h(a) be the second derivative of -3/2*a**2 + 45*a + 0 + 1/2*a**3. Suppose 5*c + 5*r = 0, 0*r + 21 = 3*c - 4*r. Give h(c).
6
Let n be (-777)/(-3367) - 20/(-26). Let l(j) = 34*j**2 - 3*j + 4. Calculate l(n).
35
Let d(w) = w**2 - 3*w. Suppose -9*c + 4*c + 645 = -5*l, 0 = 4*l + 5*c + 525. Let p = 136 + l. Calculate d(p).
18
Let g be 3640/84*(-12)/(-10). Suppose 4*w + 8 = g. Suppose 3*v - w - 7 = 0. Let t(b) = -b**2 + 4*b + 6. Determine t(v).
-6
Let u(q) = -11*q**2 + 42*q - 5. Let a(p) = 14*p**2 - 49*p + 9. Let j(c) = -4*a(c) - 5*u(c). Calculate j(-12).
13
Let u(r) be the first derivative of -r**6/120 + 7*r**5/60 - r**4/8 + 4*r**3/3 - 3*r**2/2 + 8*r + 117. Let b(h) be the second derivative of u(h). Determine b(6).
26
Let t(s) be the second derivative of s**5/20 - s**4/12 + s**2/2 - s. Let r(f) = 1808*f + 16271. Let h be r(-9). Give t(h).
-1
Let v(k) = -k**2 - k + 5. Suppose -2*z - 32 = -z. Suppose -2336 = 76*b + 400. Let y = b - z. Calculate v(y).
-7
Suppose 56*o - 73*o - 17 = 0. Let z(x) = x**3 + 7*x**2 + 13*x. Let g(u) be the first derivative of -u**2/2 + 1. Let r(y) = o*z(y) - 5*g(y). Determine r(-6).
12
Let w(t) be the first derivative of -t**2/2 + 42*t + 6119. Calculate w(13).
29
Suppose -5*y - m = 16 - 17, -4*m - 16 = 0. Let f(d) = 25*d**3 - 2*d**2 + 1. Determine f(y).
24
Suppose 12*g - g + 145 - 35 = 0. Let h(r) = -r**2 - 20*r - 93. What is h(g)?
7
Let i(w) = -2*w**3 + 2*w**2 - 3*w - 7. Suppose -5*d - z - 5 = 12, -d - 4*z = 11. Give i(d).
74
Suppose -18*n + 19*n + 3 = 0. Let w(q) = -1 + 3 + 0 + 5*q + 2*q**2. Give w(n).
5
Let p(k) = 6*k**2 - k + 2. Let r(c) = c**3 - 40*c**2 + 2*c + 2. Let a(f) = 6*p(f) + r(f). Calculate a(4).
-2
Suppose -5*u - 36 = -2*g, 18 = -u - 15*g + 19*g. Let a(n) = -5*n - 17. What is a(u)?
13